*z + x + 460 = 0. List the prime factors of z.
5, 23
Suppose 4*a = -5*a + 450. What are the prime factors of a?
2, 5
Suppose -5*t + 2 - 45 = -4*g, -2*g + t = -29. What are the prime factors of g?
17
What are the prime factors of 9/12 + (-133)/(-4)?
2, 17
Suppose 0 = 4*v + 15 + 53. Let y = v + 60. Suppose -5*k = -y - 7. What are the prime factors of k?
2, 5
Let b(m) = 10*m**2 + 1. List the prime factors of b(1).
11
Let u(z) = z**2 - 7*z - 2. Let a be u(8). Suppose -40 = -4*f - 4*i, a*f - 2*i - 20 = 3*f. What are the prime factors of f?
2
Suppose 0*g + 3*d = -g + 5, 0 = 3*d - 3. Let c = 68 - 47. Suppose -g*y + c = 5. What are the prime factors of y?
2
Let u(t) = -2 + 2 - 6*t - 6 + 2. What are the prime factors of u(-7)?
2, 19
Let c be 330/8 - 7/28. Suppose -k + 3*r = -r - c, 0 = -2*k - r + 64. What are the prime factors of k?
3, 11
Suppose 9*u - 16*u + 2443 = 0. List the prime factors of u.
349
Suppose -2*k - 5*y + 0*y - 4 = 0, -2 = y. List the prime factors of ((-9)/2)/(k/(-16)).
2, 3
Let b(j) = -19*j**2 - j - 2. Let m be b(2). What are the prime factors of (m/(-28))/((-2)/(-7))?
2, 5
Suppose 5*h - 2*h - 9 = 0. Suppose 4*d = 0, 0 = -2*r + 3*d + 10 - 2. Suppose 13 = r*s - 2*s - 3*t, -t - h = 0. What are the prime factors of s?
2
Let s(k) = k - 4. Let y be s(6). Suppose t = 5*n + 2, -y*n - 26 = -t - 3*t. Suppose -2*p + 5*w + 2 = -t, 4*w = 2*p - 10. What are the prime factors of p?
7
Suppose -35*c + 36*c = 41. What are the prime factors of c?
41
Suppose -5*b - 9 + 34 = 0. Suppose -4*s + 26 = 2*o, -4*o + b*s - 2 = -15. What are the prime factors of o?
7
Suppose 9 = c + 4*c - 3*w, c + w = -3. Suppose c = a + 2*a - 153. List the prime factors of a.
3, 17
Suppose -2*r + 3*l + 5 = -21, 5*l + 10 = 0. Suppose -7 = -u + r. List the prime factors of u.
17
Let o(x) = 10*x**3 - x. Let g(c) = c**3 - c - 2. Let a be g(0). Let y be 2/4 - 1/a. What are the prime factors of o(y)?
3
Let m(w) = w**2 - 2*w - 3. Let r(g) = -g**2 + 1. Let k(s) = -2*m(s) - 4*r(s). Suppose -12 + 9 = z. List the prime factors of k(z).
2
Suppose -4*p = 3*z - 0*p + 26, -3*z - 16 = 2*p. Let j be 0 - z - (-9 - -3). Suppose -6*m - 5 = -3*f - 4*m, -2*f + j = m. List the prime factors of f.
3
Let g = -3 - -5. Suppose k - g = 0, -3*o + 22 = 3*k - k. What are the prime factors of o?
2, 3
Let c(y) = -y**3 - 7*y**2 - 2*y - 8. Let i be c(-7). Suppose i*p = p. Suppose 4*g - 2*w - 82 = p, -5*w - 13 = -g - 6. What are the prime factors of g?
2, 11
Let s(p) be the third derivative of p**5/60 + p**4/24 - p**3/6 + p**2. List the prime factors of s(-3).
5
Suppose 4*w = w. Suppose q - 4*o - 7 = w, 0*q + 14 = 4*q - 2*o. Suppose -q*m = 5*l, 3*l + m = l + 1. List the prime factors of l.
3
Let g(u) be the third derivative of u**5/60 + u**4/12 - u**3 + 6*u**2. What are the prime factors of g(4)?
2, 3
Suppose -q + 21*y + 421 = 19*y, y = 4*q - 1663. List the prime factors of q.
5, 83
Let w(s) = 24*s + 46. What are the prime factors of w(14)?
2, 191
What are the prime factors of (-3)/(3/(-283)) - 2?
281
Let a = 4 - 2. Suppose 0 = -a*v + v + 5. Let g = 11 - v. What are the prime factors of g?
2, 3
Let w(p) = p**2 + 7*p - 2. Let d be w(-8). Suppose 4*m - 6 = d. What are the prime factors of 54/8 + m/12?
7
Let b(m) = m**2 + 4*m + 5. Let z = -2 - 4. What are the prime factors of b(z)?
17
Suppose b - 7 = -2*s, 5*b = -2*s + 2*b + 9. Suppose -s*r = -22 - 50. List the prime factors of r.
2, 3
Suppose 5*m + v - 98 = 0, 5*m - 5*v - 4 = 4*m. What are the prime factors of m?
19
Suppose -5*r + 3*i = -24, -r - 2*i - i - 6 = 0. Suppose 2*o - r + 11 = 4*p, -4*p + 8 = -o. Suppose 0 = -a - 0*a + p. What are the prime factors of a?
2
Let h(o) = -2*o**3 + o. Let z be h(1). Let n be 3 + z - (1 - 0). List the prime factors of -2 + 1 - n*-11.
2, 5
Let w be (-4)/18 - 47/(-9). Let a(k) = -2*k + 5. Let b be a(w). List the prime factors of ((-15)/2)/b*8.
2, 3
Let j(r) = 2*r**3 - 4*r**2 - 4*r + 5. Let x(m) = 2*m**3 - 3*m**2 - 3*m + 4. Let p(c) = -3*j(c) + 4*x(c). What are the prime factors of p(1)?
3
Let b(c) = -9*c - 2. Let i be b(-6). Let h = i - 28. List the prime factors of h.
2, 3
Suppose 6*r - 12 = 2*r. List the prime factors of r.
3
Let i(r) = -16*r**3 + 51*r**2 + 50*r + 16. Let w(x) = 3*x**3 - 10*x**2 - 10*x - 3. Let k(l) = -2*i(l) - 11*w(l). List the prime factors of k(9).
2, 5
Let v be (-42)/(-8) - (-4)/(-16). Suppose 20 = 3*b + b + 4*t, -2*t - 46 = -v*b. List the prime factors of b.
2
Let h be 63/(-5) - (-3)/5. Let n = h - -38. What are the prime factors of n?
2, 13
Let m(w) = -w**3 + 4*w**2 + 3*w - 6. Suppose -4 = -2*z, -3*y = -5*z + 4*z - 10. Let r be m(y). What are the prime factors of (4 - r) + 3*3?
7
Let n = -63 - 10. Let b = -44 - n. List the prime factors of b.
29
Suppose 0 = b - 159 + 32. What are the prime factors of b?
127
Let i(x) = -x + 1. Suppose 5*u + 1 = -14. Let o be i(u). List the prime factors of (-11 - 1)*o/(-6).
2
Suppose -50 = -2*x - 3*x. Suppose 0*l - l + x = 3*k, 4*l - 12 = -5*k. What are the prime factors of k?
2
List the prime factors of ((-5)/15)/(2/(-132)).
2, 11
Let p(i) = i. Let z be p(0). Suppose z = x - 2*x - 8. Let f(k) = -k - 4. List the prime factors of f(x).
2
Let x be (0/(-1))/(3 - 5). Let p be (x + -5)*(-6)/10. Suppose p*m = 4*m - 13. What are the prime factors of m?
13
Let y be 2 - 3 - (-4 - -57). Let b be y/(-10) + (-2)/5. Suppose b*o = x + 77 - 25, 4*x + 32 = 4*o. What are the prime factors of o?
11
Let o be (-2)/(-2 - 21/(-12)). Let u be (-26)/10 - 4/10. Let s = o - u. What are the prime factors of s?
11
Let a(v) = v**2 - 2*v + 8. List the prime factors of a(-5).
43
List the prime factors of (4 + 2 + 0)*1271/62.
3, 41
Let c = 242 + -141. List the prime factors of c.
101
Let f(p) = -p + 1. Let l(o) = o**2 - 11*o + 12. Let d(i) = -6*f(i) + l(i). What are the prime factors of d(6)?
2, 3
Let t(z) = -33*z - 7. List the prime factors of t(-2).
59
Let p be 3 + -1 + 2*-1. Suppose -15 = 2*z - 6*z - 3*a, -2*a + 10 = p. List the prime factors of (2 + z)/(3/9).
2, 3
Let n = -6 + 8. Suppose n*h - 3*h - 4*l + 22 = 0, -3*h + 73 = 5*l. Suppose 4*j - h = 2*j. What are the prime factors of j?
13
What are the prime factors of 6/(-5)*(-90)/27?
2
Let l = 68 + -4. What are the prime factors of l?
2
Let i = 3 + -3. Suppose 2*y - y - 23 = -4*u, 2*y - 4*u + 14 = i. What are the prime factors of y?
3
Let o be (-1 - -4)*(-4)/(-3). Let m = -4 + 6. Suppose -22 = -m*h - o. What are the prime factors of h?
3
Suppose 4*b - 2 = 10, -5*b + 10 = -y. What are the prime factors of y?
5
Let c(z) = -z + 4. Let h be c(6). Let g = 5 - h. What are the prime factors of g?
7
Suppose -4*s + 3 = -17. Suppose 3*l - s = 1. What are the prime factors of l?
2
Let l = -20 + 32. Let f = 24 + -21. Suppose b - l = -f*b. List the prime factors of b.
3
Let h(g) = g**3 - 13*g**2 + 15*g + 16. List the prime factors of h(12).
2, 13
Suppose -99 = -2*o - 17. Suppose 23*j - 22*j - o = 0. List the prime factors of j.
41
Let g(h) be the second derivative of h**3/2 - 2*h**2 + h. Suppose 4*u - 4 - 16 = 0. List the prime factors of g(u).
11
Suppose 3*p - 506 = 2*b, 0*p = -4*p - 2*b + 698. What are the prime factors of p?
2, 43
Suppose 2*l - 386 = 4*x, 0 = 3*l + 4*x - 314 - 255. List the prime factors of l.
191
Suppose -z = -3*l - 4, 6 = 4*z - 4*l - 2. Let r(w) = -w**3 - 3*w**2 + 1. Let o be r(-3). What are the prime factors of (1/1)/o + z?
2
Suppose 4*g - 1592 = -4*g. What are the prime factors of g?
199
Let f = 367 - 215. What are the prime factors of f?
2, 19
Let i(r) = -9*r - 2. Let z be i(2). Let s be (z/2)/(1/(-2)). Let p = -8 + s. List the prime factors of p.
2, 3
Let b(n) = 2*n - 2. Suppose -5*z = -3*z. Let g be -1 - (0 - (z - -5)). List the prime factors of b(g).
2, 3
What are the prime factors of (-64)/2*14/(-28)?
2
Let r = -67 - -233. What are the prime factors of r?
2, 83
Let j(r) = 2*r**2 - r - 3. Let h = 6 + -3. List the prime factors of j(h).
2, 3
Let s(k) = -k + 17. Let r be s(13). Suppose -29 = -j + 3*g - 6, -5*j - r*g = -115. List the prime factors of j.
23
Let x = 57 - -70. Suppose -2*k = -2*t - 58, 4*k - x = 3*t - 13. What are the prime factors of k?
3
Let h = -8 - -35. Suppose -3*g + 0 + 3 = j, 0 = -g + 2*j - 6. Suppose 2*l - h - 5 = g. What are the prime factors of l?
2
Let d(w) be the first derivative of -3*w**2 + 2*w - 3. Let m b